).
18
Calculate 6 - -1 - (-15 + 5 + -7 + 5).
19
Calculate 16 + (1 - 1) + 71 + -78.
9
What is -13 + 2 + (22 + 6 - 18)?
-1
2 - (-9 - -6) - 15
-10
Calculate (31 - 15) + -29 + 25 + (1 - 1).
12
(3 - 10 - -7) + 71 + -73
-2
32 + (18 - 47) + -1 + 8
10
Calculate -17 + 18 + -9 + (-15 - -2 - -8).
-13
Evaluate (-6 - 3) + 1 - (-6 - (8 + -24)).
-18
21 + (2 - 15) - 17 - -13
4
What is (8 - (21 + -7)) + 23?
17
What is the value of -15 - (6 - 21 - -6)?
-6
What is the value of 5 + -6 - (27 + (5 - (10 + -12)))?
-35
Calculate -1 - -7 - (-23 - (63 - 72)).
20
What is the value of 24 + (13 - 93 - -37)?
-19
Calculate -11 - -1 - (10 - 15 - -13).
-18
Calculate 2 - (-3 + 3 + (-38 - -39)).
1
Calculate 2 - -7 - (-165 - -169).
5
4 + 1 - (-5 - -5 - -5)
0
Evaluate 56 + -55 + (-2 - -1 - 2).
-2
Evaluate 9 - 11 - (4 + -17).
11
What is the value of -9 - ((-55 - -47) + (-1 - -6)) - 1?
-7
What is (-1 - 0) + -285 + 296?
10
Calculate -20 - (9 + -21) - (-2 - 11).
5
What is the value of -101 - -84 - (-19 - 1)?
3
Evaluate (7 - (6 - -2)) + (-1 - 10).
-12
What is 1 - (-6 + -2 - (-8 - 10))?
-9
What is (-12 - -22 - 8) + 6?
8
Evaluate -5 + (1 - 0) + (-4 - (1 - 0)).
-9
Calculate -12 + 7 + -16 + (-7 - -13).
-15
-22 + -17 + (35 - -16)
12
Evaluate -64 - (2 - -5 - 47).
-24
Evaluate -40 + (-28 + 16 - -24 - -4).
-24
Calculate 16 - (-18 - -29 - -14).
-9
-2 - ((8 - 9) + 3)
-4
(-23 - -6 - -1) + (-3 - (-10 - -2))
-11
Calculate (15 - 9) + 18 + -7.
17
What is 8 - ((-3 + 4 - 0) + -11 + 1)?
17
What is 18 + -38 - -30 - -4?
14
Evaluate 5 + -7 + -40 + 50 + (-10 - 0).
-2
What is 0 - (-3 + 6 - 5) - (9 + 1)?
-8
What is -2 - 13 - (-10 - (-1 - 4) - -7)?
-17
What is the value of 23 - (4 - 7 - -26)?
0
Calculate 8 + -3 + -6 - (-4 + -5 - -5).
3
Calculate -5 - 0 - 0 - (-39 + 102 + -67).
-1
What is 0 + 25 + -27 + 6?
4
Calculate -14 - (-16 + 15 + -13).
0
(-3 - -13) + 2 + -20
-8
Calculate (-1 - (-4 - -41)) + 10 + 12.
-16
Calculate 234 - 236 - (-7 - (0 + 1 + -1)).
5
Calculate 6 + 5 + 6 + -39 + 30.
8
Evaluate -11 + -2 + -4 - -11.
-6
Evaluate (-1 + 3 - -3) + (4 - -2) + -4.
7
What is the value of -822 + 837 + -14 + 0?
1
13 + (-10 - 10) + (3 - 6)
-10
Calculate -23 + 9 + 0 - -21.
7
What is the value of -29 + 21 - (-2 + -8 + -2 + 6)?
-2
What is the value of -11 - (-47 + 0) - (5 - -8)?
23
6 - 6 - (46 - (3 - -6))
-37
What is -1 + -18 + (8 - -3 - 3)?
-11
Evaluate -6 + (-3 - -2) + (-64 - -61).
-10
What is (7 + 15 + -11 - -3) + -26?
-12
Calculate 3 + -4 + 8 + (4 - -4).
15
What is -12 + 12 + 3 - 4 - (9 + 2)?
-12
Evaluate 4 + 12 + (26 - 57).
-15
What is the value of -2048 - -2065 - (1 - -8)?
8
Evaluate -5 + (45 - 23) - (-2 - -4).
15
Evaluate 31 + -11 + -2 - 11.
7
What is the value of -9 + 1 + (3 - 0) + 59 + -20?
34
Evaluate 24 - (2 + (7 - 10)).
25
Calculate -2 - (-4 + 2) - (8 - (17 + -2)).
7
Calculate (5 - 7 - 10) + (0 - -6).
-6
Evaluate -1 + 1 + (17 - 1) + -13 + -11.
-8
9 + (-8 - ((-9 - -10) + 0))
0
Calculate -2 + (21 - 34) + 3.
-12
3 + -20 + -4 + 20 + -3
-4
Evaluate 2787 - 2792 - (1 - 1 - 19).
14
What is the value of 5 + -8 + 7 + -11 - -6?
-1
Evaluate -7 + 5 + 9 + -4.
3
What is the value of -7 - (-14 + 2 + (5 - 1)) - 5?
-4
2 + (-25 - -25) - (-1 + -1)
4
Calculate -6 + (37 - 20) + -2.
9
-14 + (9 - (15 - 4)) + 1
-15
What is the value of -28 + (19 - -6) + (2 - 7 - -1)?
-7
(3 - -1) + (10 + -22 - -15)
7
What is (1 - -13) + (10 - 2)?
22
Evaluate -8 - (-4 + 1 + -1) - (-2 + -3).
1
What is 40 - (-15 + -47 + 78)?
24
Evaluate 1 - (39 + -13 + -5) - -1.
-19
Evaluate -7 + -2 + (48 - 24).
15
Calculate 9 + -2 - (-1 - (-19 + 16)).
5
What is 13 + -5 - 9 - 28?
-29
What is the value of (-27 + -31 - -27) + 5?
-26
Calculate (-14 - 6) + 7 + 5.
-8
Calculate -24 + 29 + (-4 - (-2 - -3)).
0
Evaluate -217 + 195 - (-36 - 1).
15
Evaluate 7 + -10 - (-8 + 5) - 27.
-27
What is (3 - -6 - 19) + -7?
-17
Evaluate 1 - 0 - (212 + -212) - (9 - -3).
-11
What is the value of (5 - (1 - 18)) + -19?
3
Evaluate 9 + -1 + -20 + 24 + -4.
8
Evaluate -9 - (-2 + (3 - (10 - 9))).
-9
(-2 - 2) + 13 + -18 + 21
12
Evaluate -1 - (-7 - 0 - (12 - 5)).
13
Evaluate -29 + 4 + -2 - (-85 - -29 - -49).
-20
Calculate (48 - (184 - 118)) + 0 + -7 + 1.
-24
What is -34 + (-40 - -40) + 12?
-22
Evaluate 207 + -204 - (-3 + -7 + 0).
13
-31 + 7 + -3 - (19 - 28)
-18
(9 - 15 - (4 + 0 + -4)) + 4
-2
Calculate 15 - (-2 + -10 + -104 + 113) - 8.
10
3 - (-7 + (1 - 3))
12
Evaluate 0 + 8 - (-185 - -199).
-6
(-6 - -1 - 3) + (-5 - -19) - -10
16
What is (-28 - -21 - 16) + (-2 - (2 - 11))?
-16
6 + (8 - 13 - (4 + -12))
9
What is the value of 36 - (0 - (0 + -9 + -1 + -2))?
24
What is the value of 16 + -16 - 9 - -16?
7
Calculate 22 + 1 - (75 + -69) - 9 - -9.
17
Evaluate -26 + -9 + 55 + -30.
-10
What is the value of 17 + (-22 - -31) + -8?
18
Calculate -24 + 2 + 15 + (-8 - 6) + 3.
-18
Calculate -26 + 9 + 0 + 2.
-15
Evaluate 70 + -92 + 6 + (1 - 2).
-17
What is 0 + -31 + (-4 - 1)?
-36
Calculate 1 + -2 + (1 - -8 - 11) + -2.
-5
Calculate 3 + 34 - (-24 + 43).
18
Evaluate 9 + (12 - -12) - 14.
19
What is (-11 + -2 - 2) + (-10 - -13)?
-12
Evaluate -3 + (0 - 0) - (-3 + -2 - 4).
6
What is -37 - (14 - 21 - 7 - (1 + -7))?
-29
Calculate 10 + -16 + (9 - -13) + -43.
-27
0 + 0 + -2 - ((9 - 2) + -14)
5
What is the value of -2 - (10 + -9 - (5 + -14))?
-12
What is -5 + 4 - (84 - 81)?
-4
What is the value of (1 - -1) + -4 + -20 + 7 + 6?
-9
What is (11 - (-7 - -19)) + -3?
-4
Calculate -9 + (42 - -5 - 3).
35
What is the value of (6 - -1 - 2 - (75 + -100)) + -8?
22
13 - -21 - 27 - (1 - 2)
8
What is the value of (10 - (-26 - -27)) + 5?
14
What is 8 + 6 + -11 - (-3 - (7 + -13))?
0
(1 - -6) + (298 - 290)
15
-3 + 1 + -3 + (13 - (62 - 62))
8
Calculate -9 + -3 - -13 - (-7 - 3).
11
What is the value of 5 - ((0 - -5) + 1 + 6)?
-7
Evaluate -8 + (-3 + -19 - -16).
-14
Calculate 1 + (31 - 3) - 27.
2
Calculate (-1 - -3 - 7 - (-13 + 3)) + 22.
27
What is the value of -13 + (16 - (21 - 16))?
-2
(-36 - -42 - 9) + -1 + 1 + 2
-1
What is the value of 35 + -11 + -14 - (13 + -1)?
-2
What is the value of (-8 - (-13 - -8)) + -19 + (-12 - -16)?
-18
What is 11 + (0 - (17 + -11) - -1)?
6
Calculate 5 + (-10 - 1) + 2 + 18.
14
Calculate 95 + -100 + (1 - -16) - 12.
0
What is (-15 + 17 - -10) + -32?
-20
Calculate 1 - 4 - (-2 + -4 - (1 - -1)).
5
Evaluate 3 + 1 + (-18 - -20 - (2 - 3)).
7
What is the value of 18 + (-17 - 3) + 11?
9
What is -9 + 2 - (40 + -16 - 32)?
1
Calculate 20 - (-7 + 28) - -22.
21
Calculate -34 + (-5 - -20) + 6.
-13
What is -9 + (-8 + 26 - 12)?
-3
Calculate 11 + -22 + 12 + (10 - 0) + 9.
20
What is the value of (-3 + 6 + -8 - -12) + 7?
14
What is -6 - 1 - (-349 + 332)?
10
Evaluate (-161 + 160 - (1 + -1 + -3)) + 6.
8
-12 + -1 - (13 + -14 + -3 + -2)
-7
5 + (-17 - -3) + 15 + -7
-1
24 + (24 - 37 - -6)
17
What is the value of (-6 + -4 - -3) + -4 - 9 - -1?
-19
Evaluate -6 - (-11 + 9) - -16.
12
Calculate -6 - (-7 + 3 - (17 + -6 + -26)).
-17
Evaluate 5 - (13 + -24 + -4).
20
Evaluate (-3 - 60) + 35 - -25.
-3
Calculate 26 - 21 - 2 - (3 - (2 + -3)).
-1
Calculate -2 + (9 - 0 - (2 + 5)).
0
What is the value of 2 + 1 + (4 + 0 + 2 - -1)?
10
Calculate 16 + -10 - 14 - (6 + -1) - -6.
-7
Calculate (-2 - -6) + (-5 + 2 - -3) + -2.
2
(-16 - -8) + 8 + -1 - (-2 - 7)
8
What is the value of -13 - (1 + (-2 - 0)) - (841 - 840)?
-13
What is 3 - -6 - (-39 + 47)?
1
What is the value of (-6 - -50) + -20 + -43?
-19
Evaluate -4 + 9 + (-7 - 9) - -30.
19
What is the value of 13 + (-41 - -31) + 14?
17
What is 10 - (-2 + 1 + 3) - (3 + 26)?
-21
What is the value of 1 + 2 + -2 + (-6 - (-2 - -2))?
-5
What is -193 + 198 + 0 + (2 - 5)?
2
(1 - -1) + 0 + 9 + -4 + -9
-2
-5 + -13 + 11 - (-5 - 12)
10
-20 + (-1 - (-15 - 1))
-5
Calculate 7 - -9 - -4 - (-14 + 10 + 4).
20
Calculate 11 + (1 - (-3 - 2)) + -19 + 12.
10
286 - 272 - (-1 - -1)
14
-8 + (-1 - -6) - ((17 - 4) + -6)
-10
Evaluate -50 + 139 - 82 - (1 - 4 - 0).
10
-6 + 39 + -28 + (0 - -3 - 27)
-19
Evaluate -4 - -7 - (22 + -14) - 15.
-20
What is the value of 1 + 13 + (-29 - -55) + -29?
11
What is the value of -37 - (-62 + (-22 - -51))?
-4
What is the value of (21 - 41) + (8 - 21)?
-33
-5 - -1 - (1 + 3 - (34 - 31))
-5
What is (-11 + 5 - 1) + 16 + -12 + 17?
14
34 + (-54 + 11 - -4)
-5
Calculate (-1 - 7 - -1) + (105 - 86).
12
Evaluate -28 + 1 + (-51 - -75 - 10).
-13
What is (-36 - 6 - 4) + -16 + 23?
-39
Evaluate (-11 - -1 - -17) + 0.
7
Evaluate (0 - (2 + 5)) + 7